f 1628?
True
Does 76 divide 3414?
False
Is 1845 a multiple of 13?
False
Is 275 a multiple of 11?
True
Is 4990 a multiple of 13?
False
Does 14 divide 1101?
False
Is 13326 a multiple of 14?
False
Does 68 divide 6596?
True
Is 92 a factor of 4551?
False
Is 30 a factor of 30?
True
Does 229 divide 4567?
False
Does 29 divide 3401?
False
Does 21 divide 4329?
False
Is 7 a factor of 938?
True
Is 60 a multiple of 20?
True
Is 37 a factor of 1258?
True
Does 14 divide 812?
True
Does 17 divide 21?
False
Is 61 a factor of 20978?
False
Is 159 a multiple of 16?
False
Is 1193 a multiple of 64?
False
Is 504 a multiple of 28?
True
Does 31 divide 187953?
True
Does 19 divide 63182?
False
Is 10456 a multiple of 3?
False
Is 42 a factor of 10458?
True
Is 11 a factor of 7403?
True
Is 38 a factor of 3839?
False
Does 83 divide 42828?
True
Does 11 divide 3817?
True
Does 22 divide 66?
True
Does 27 divide 9423?
True
Is 11008 a multiple of 86?
True
Does 18 divide 17964?
True
Is 15 a factor of 7475?
False
Does 15 divide 480?
True
Is 61776 a multiple of 264?
True
Is 48 a multiple of 12?
True
Does 34 divide 646?
True
Does 50 divide 1146?
False
Does 11 divide 461?
False
Does 8 divide 1360?
True
Is 184 a factor of 30875?
False
Is 52300 a multiple of 64?
False
Is 11306 a multiple of 184?
False
Is 20 a factor of 3532?
False
Is 37509 a multiple of 40?
False
Is 3 a factor of 522?
True
Does 35 divide 11012?
False
Is 3290 a multiple of 21?
False
Is 31862 a multiple of 26?
False
Does 18 divide 2826?
True
Is 14 a factor of 1050?
True
Does 41 divide 3485?
True
Does 15 divide 1035?
True
Is 8429 a multiple of 14?
False
Does 7 divide 698?
False
Is 120 a multiple of 6?
True
Does 48 divide 5472?
True
Does 13 divide 1183?
True
Does 10 divide 60?
True
Is 235 a factor of 34310?
True
Is 7 a factor of 490?
True
Does 20 divide 7667?
False
Does 3 divide 3069?
True
Is 15 a factor of 2815?
False
Is 31 a factor of 3441?
True
Is 20 a factor of 57596?
False
Does 12 divide 2714?
False
Does 25 divide 1273?
False
Is 117 a multiple of 13?
True
Is 2 a factor of 310?
True
Is 31 a factor of 5101?
False
Does 36 divide 5868?
True
Does 15 divide 2222?
False
Does 7 divide 257?
False
Is 18 a factor of 5148?
True
Is 20372 a multiple of 225?
False
Is 54 a factor of 12798?
True
Is 759 a multiple of 14?
False
Is 5728 a multiple of 4?
True
Is 5 a factor of 2557?
False
Is 7 a factor of 611?
False
Is 86 a factor of 1462?
True
Is 25 a factor of 6519?
False
Is 1128 a multiple of 12?
True
Is 35 a factor of 2485?
True
Is 26280 a multiple of 60?
True
Is 1106 a multiple of 79?
True
Is 1666 a multiple of 17?
True
Is 9 a factor of 940?
False
Does 50 divide 11837?
False
Is 23421 a multiple of 71?
False
Is 22230 a multiple of 30?
True
Does 4 divide 492?
True
Is 87 a factor of 13353?
False
Is 125 a factor of 1314?
False
Is 6204 a multiple of 44?
True
Is 39 a factor of 6786?
True
Does 5 divide 1472?
False
Is 840 a multiple of 20?
True
Is 5248 a multiple of 164?
True
Is 144 a multiple of 9?
True
Is 3151 a multiple of 23?
True
Is 14 a factor of 18830?
True
Is 1147 a multiple of 45?
False
Does 76 divide 1115?
False
Is 6 a factor of 27534?
True
Is 29 a factor of 149213?
False
Is 93 a multiple of 3?
True
Is 885 a multiple of 15?
True
Does 19 divide 12939?
True
Does 8 divide 714?
False
Is 118 a factor of 3247?
False
Is 7621 a multiple of 140?
False
Is 2112 a multiple of 32?
True
Is 21 a factor of 270?
False
Is 9476 a multiple of 4?
True
Is 29 a factor of 36?
False
Is 86 a factor of 1118?
True
Is 13536 a multiple of 12?
True
Is 64 a factor of 704?
True
Is 32 a multiple of 8?
True
Is 28555 a multiple of 34?
False
Is 4550 a multiple of 26?
True
Is 882 a multiple of 21?
True
Does 25 divide 5796?
False
Does 51 divide 4590?
True
Is 501 a multiple of 12?
False
Does 11 divide 24968?
False
Does 22 divide 2041?
False
Does 5 divide 305?
True
Is 3548 a multiple of 26?
False
Is 5 a factor of 1540?
True
Is 25 a factor of 7160?
False
Does 218 divide 17240?
False
Is 15 a factor of 3990?
True
Is 14 a factor of 1973?
False
Does 17 divide 476?
True
Does 12 divide 6864?
True
Is 37939 a multiple of 21?
False
Does 111 divide 444?
True
Is 25858 a multiple of 17?
False
Is 23 a factor of 1380?
True
Does 2 divide 2754?
True
Is 576 a multiple of 24?
True
Is 4 a factor of 329?
False
Is 93 a factor of 1953?
True
Is 369 a multiple of 24?
False
Is 10640 a multiple of 38?
True
Does 27 divide 39044?
False
Is 7 a factor of 586?
False
Is 26448 a multiple of 38?
True
Does 6 divide 239?
False
Is 111 a factor of 3140?
False
Is 24186 a multiple of 27?
False
Is 201 a multiple of 30?
False
Is 323 a multiple of 17?
True
Is 5 a factor of 4479?
False
Is 486 a multiple of 81?
True
Is 2356 a multiple of 11?
False
Is 38172 a multiple of 86?
False
Is 43953 a multiple of 273?
True
Is 50328 a multiple of 233?
True
Is 141 a factor of 92328?
False
Is 1340 a multiple of 4?
True
Does 56 divide 2682?
False
Is 11 a factor of 130?
False
Is 44 a factor of 9152?
True
Does 12 divide 180?
True
Is 136 a factor of 4352?
True
Is 102546 a multiple of 140?
False
Is 2451 a multiple of 57?
True
Does 153 divide 10234?
False
Is 28 a factor of 158?
False
Is 19 a factor of 627?
True
Does 5 divide 133?
False
Is 24 a factor of 1584?
True
Does 34 divide 544?
True
Is 204 a multiple of 6?
True
Is 42 a factor of 16781?
False
Is 11826 a multiple of 99?
False
Does 66 divide 853?
False
Does 24 divide 1135?
False
Is 88 a factor of 1730?
False
Does 118 divide 2160?
False
Is 15087 a multiple of 17?
False
Is 13952 a multiple of 34?
False
Is 22 a factor of 1292?
False
Is 101 a factor of 7373?
True
Does 44 divide 767?
False
Does 14 divide 1288?
True
Is 2 a factor of 275?
False
Is 284 a factor of 73556?
True
Does 12 divide 476?
False
Is 34 a factor of 6983?
False
Is 6 a factor of 654?
True
Is 8 a factor of 408?
True
Is 155 a multiple of 24?
False
Is 23786 a multiple of 84?
False
Is 46368 a multiple of 7?
True
Is 41 a factor of 1476?
True
Is 12 a factor of 1599?
False
Does 5 divide 258?
False
Is 47220 a multiple of 16?
False
Does 3 divide 4228?
False
Is 150 a factor of 14100?
True
Is 7 a factor of 18?
False
Does 19 divide 71212?
True
Is 17 a factor of 527?
True
Is 12419 a multiple of 11?
True
Is 27 a factor of 675?
True
Does 9 divide 1831?
False
Is 98 a multiple of 11?
False
Does 13 divide 625?
False
Does 221 divide 12264?
False
Does 17 divide 1256?
False
Is 11 a factor of 28446?
True
Does 3 divide 344?
False
Is 3984 a multiple of 83?
True
Does 7 divide 1784?
False
Is 9330 a multiple of 10?
True
Does 44 divide 372?
False
Is 13 a factor of 2915?
False
Is 155 a factor of 9455?
True
Does 3 divide 312?
True
Is 17 a factor of 10453?
False
Is 16 a factor of 400?
True
Is 1029 a multiple of 7?
True
Does 4 divide 528?
True
Is 21172 a multiple of 7?
False
Is 8162 a multiple of 76?
False
Does 2 divide 210?
True
Is 30450 a multiple of 70?
True
Is 10 a factor of 22668?
False
Does 43 divide 7740?
True
Is 78 a factor of 9204?
True
Is 28 a factor of 1060?
False
Is 18990 a multiple of 18?
True
Is 25 a factor of 26000?
True
Does 77 divide 5236?
True
Is 77 a factor of 1534?
False
Is 1696 a multiple of 32?
True
Is 778 a multiple of 129?
False
Is 1359 a multiple of 24?
False
Is 63 a factor of 3256?
False
Is 1911 a multiple of 21?
True
Is 4 a factor of 108?
True
Is 10207 a multiple of 26?
False
Does 12 divide 11316?
True
Is 60 a factor of 2414?
False
Does 11 divide 2123?
True
Is 57 a factor of 229?
False
Is 8 a factor of 848?
True
Does 71 divide 2854?
False
Does 27 divide 1835?
False
Is 82 a factor of 55514?
True
Is 11 a factor of 25410?
True
Does 17 divide 18182?
False
Is 64400 a multiple of 80?
True
Is 34 a factor of 56?
False
Is 599 a multiple of 21?
False
Does 22 divide 3762?
True
Is 3630 a multiple of 18?
False
Is 51 a factor of 24174?
True
Does 8 divide 20616?
True
Is 132 a factor of 15180?
True
Is 9 a factor of 17810?
False
Is 18 a factor of 2469?
False
Does 64 divide 3656?
False
Is 4158 a multiple of 11?
True
Is 27 a factor of 243?
True
Does 49 divide 16562?
True
Is 20 a factor of 640?
True
Is 10 a factor of 19915?
False
Does 7 divide 1778?
True
Does 28 divide 1248?
False
Does 28 divide 37990?
False
Does 36 divide 17772?
False
Is 232 a factor of 65888?
True
Is 2857 a multiple of 69?
False
Does 3 divide 7638?
True
Is 1080 a multiple of 27?